 a = -3*i + 2*u - 3*u. Let h = i - -14. What is the units digit of h?
4
Let a be 1/(-7) + (-22)/(-7). Let r(y) = a + 8*y + 0 - 4 + 5. What is the tens digit of r(2)?
2
Suppose -12*v - 15 - 9 = 0. What is the hundreds digit of ((-1426)/(-62))/(v/(-18) + 0)?
2
Let r(i) = 59*i**2 - 4*i + 1. Let n be r(3). Suppose 0 = -25*q + 29*q - n. What is the tens digit of q?
3
Let i be 7 - (0 - 1 - -4). Suppose -5*q - 361 = -5*u - 2*q, 5*q = i*u - 281. What is the tens digit of u?
7
Suppose -4*j - 15 = -111. Suppose -8*u = -248 + j. What is the tens digit of u?
2
Suppose -3*l + 51 = -2*l. What is the units digit of (l/2)/(1/2)?
1
Let m = -985 + 1567. What is the hundreds digit of m?
5
Let i(g) = -2*g + 18. Let q be i(-11). Let s be (-2)/5 + 176/q. Suppose -2*k - 9 = 3*m - 102, -213 = -s*k + 3*m. What is the tens digit of k?
5
Suppose 5*p - 9*p + 392 = 0. Suppose z = -j + 39, -2*j = -0*j - 3*z - p. What is the units digit of j?
3
Let w(d) = -3*d + 1. Let s be w(-1). Let j(x) = s*x**2 - 10 - x**3 - x**2 + 4*x - x**2 + 3*x**2. What is the units digit of j(5)?
0
Let s be (1 + -6)/(25/(-10)). Suppose -2*g = -s*n - 132 + 20, -4*n = -3*g + 171. What is the units digit of g?
3
Let j = 1530 + -601. What is the hundreds digit of j?
9
Let c be (-4)/(-24)*-3*-204. Suppose y = -28 + c. What is the units digit of y?
4
Suppose 772 = 5*l + o, 0 = l - 29*o + 25*o - 146. What is the tens digit of l?
5
Let s = 712 - 349. What is the units digit of s?
3
Suppose -9*u + 61 = -29. Suppose u*b - 12*b = -210. What is the tens digit of b?
0
Let i(y) = y + 20. What is the units digit of i(-9)?
1
Suppose 0 = 80*x - 89*x + 7470. What is the hundreds digit of x?
8
Suppose 5 = -r - 0. Let d(j) = -j**3 - 4*j**2 - 2*j + 4. What is the units digit of d(r)?
9
Let x(u) = 10*u + 8. Let r be x(9). Let j(a) = -a**2 - 22*a + 5. Let d be j(-22). Suppose -d*b + 3*l = -r, -b - 4*b - l = -94. What is the tens digit of b?
1
Let a(b) be the second derivative of b**3/6 + 5*b**2/2 - 2*b. Let d be a(-9). What is the units digit of 0 + 3 + (16 - d)?
3
Let a = -20 - -111. What is the tens digit of a?
9
Let i = 12 + -8. Suppose -i*r + 152 = -0*r. What is the units digit of r?
8
What is the thousands digit of 4/5 + (61476/30 - -9)?
2
Suppose 0*z + 340 = -z + 2*q, q + 1755 = -5*z. Let l = z + 624. What is the units digit of l?
4
Suppose -27*s = -28*s + 324. What is the tens digit of s?
2
What is the hundreds digit of (3 - 298)*(-9)/15?
1
What is the thousands digit of 4/2*10869/6?
3
Suppose x = 2*v - 177, 7*x - 2*x = -2*v + 147. Let j = v - -6. What is the units digit of j?
2
What is the units digit of (-46)/(-184) - (-1470)/8?
4
Let o(b) = 47*b**2 + 3. What is the hundreds digit of o(-5)?
1
Let q(i) = 2*i**2 + 6*i - 6. Suppose 3*d + 4*l = 2*d + 11, -3*l - 3 = 3*d. Let m be q(d). Suppose 0 = -15*v + m*v + 15. What is the tens digit of v?
1
Suppose 0 = -4*r + 8, 2*a + r = -0*r - 8. Let f be -3 + 5/(a/39). Let c = 89 + f. What is the tens digit of c?
4
Suppose 17 = -12*o - 19. Let y(d) = -d**3 - d**2 + d. Let h(a) = 6*a**3 + 5*a**2 - 3*a + 2. Let g(l) = -h(l) - 2*y(l). What is the units digit of g(o)?
6
Let z(s) = 14*s**2 + 25*s - 195. What is the hundreds digit of z(12)?
1
What is the hundreds digit of 730/1 + 3 + (2 - 2)?
7
Let t = -1739 - -2518. What is the tens digit of t?
7
What is the hundreds digit of ((-78)/13)/6 - (-876 + -2)?
8
Suppose -30*k + 17871 - 1071 = 0. What is the units digit of k?
0
Suppose -3*q - 24 = -0*q + 4*y, -2*q + 5*y = -7. Let s(h) = -12*h - 8. What is the tens digit of s(q)?
4
Let w(d) = d**2 + 18*d - 4. Let s be w(-14). Let c = -11 - s. What is the tens digit of c?
4
What is the thousands digit of 149884/101 + 2*1?
1
Suppose 0 = -0*c + c + 1, -4*c - 68 = -4*s. Suppose -2*d - a = 3*a - 32, -5*a + 7 = -3*d. Let g = d + s. What is the units digit of g?
2
Suppose 0 = 3*n + 4*q - 647, -2*n = -7*n + q + 1109. Suppose n = 8*j - 147. What is the tens digit of j?
4
Let b(r) = -r**2 + 10*r + 5. Let n be b(7). Let i be n/6 - (-4)/(-12). Suppose 9*w - 125 = i*w. What is the tens digit of w?
2
Let a be 6*((-24)/28)/((-8)/14). Suppose 2*k - 24 - 24 = 0. Let s = k - a. What is the tens digit of s?
1
Let m = -53 - -44. Let h(z) = z**3 + 11*z**2 + 16*z + 1. What is the units digit of h(m)?
9
Let f = -181 - -510. What is the hundreds digit of f?
3
Let d(x) = x**3 + x**2 - 1. Let z be d(-1). Let a be ((3 + -3)/z)/(-3). Suppose -3*g = -15 - a. What is the units digit of g?
5
Let f = -3410 + 5893. What is the units digit of f?
3
Let h = 2384 - 874. What is the tens digit of h?
1
Suppose 2*b + 3*t - 5983 = 0, 0 = -9*b + 5*t + 1037 + 25794. What is the hundreds digit of b?
9
Let r(u) = 18*u**2 + 19*u - 75. What is the tens digit of r(8)?
2
Let h(m) = -m**3 - 8*m**2 - 7*m + 4. Let n be h(-7). Suppose 5*o + 2*l - 196 = 0, -n*o - 6*l = -3*l - 154. What is the tens digit of ((-5)/(-4))/(2/o)?
2
Let v(i) = -i**3 - 7*i**2 + 8*i + 4. Let c be v(-8). Suppose -126 = -3*o + o + 2*s, 0 = 5*o - c*s - 317. What is the units digit of o?
5
Suppose -t - 3*c + 1405 - 266 = 0, 2*t + 2*c - 2298 = 0. What is the units digit of t?
4
Let o = -24 + 27. What is the units digit of (-5)/(-15)*477/o?
3
Let a be (-2 + 3)/((-2)/(-426)). Suppose 3*w - a = 2*m + m, -5*w = -4*m - 356. Suppose -8 = -4*v + w. What is the units digit of v?
0
Suppose 11*a = -45*a + 13216. What is the units digit of a?
6
Suppose -5*j = 3*p - 2033, 3*p = 3*j + 1134 + 891. What is the tens digit of p?
7
Suppose -4687 = -3*q - 685. What is the hundreds digit of q?
3
Let r = 549 + 76. What is the units digit of r?
5
Suppose 34*p - 3179 = 23*p. What is the tens digit of p?
8
Let m(k) = -k**3 - 8*k**2 - 2*k - 12. Let q be m(-8). Suppose 0 = -4*y + 2*y + q. Suppose y*i + 21 = 5*i. What is the units digit of i?
7
Let c(x) = -x + 11. Let s be c(9). Suppose -3*g - 64 = 4*o, -5*g - 48 = 5*o - s*o. What is the units digit of (-20)/o - (-6)/8?
2
Let o(l) = -l**3 + 5*l**2 - 2*l + 12. Let q be o(5). Suppose -q*a = -4*v - 9 + 3, 2*a = -3*v + 34. What is the units digit of a?
1
Let c be 28/(-6) + (-30)/(-45) - 15. Let b = 54 + c. What is the units digit of b?
5
Let d(v) = 4*v - 3. Let z be d(4). Suppose 1 = x - z. Let p = x + -12. What is the units digit of p?
2
Let y(n) = 3*n**2 - 4*n - 10. Let j = -43 + 37. What is the hundreds digit of y(j)?
1
Let x(a) = a + 2. Let p be x(8). Suppose -2*v + p = -3*q, q = 3*q. What is the tens digit of 15/6*44/v?
2
Let z be 14/21 + (-76)/(-12). Suppose z*p - 1144 = 557. What is the tens digit of p?
4
Suppose q = 4*y - 0*q - 1401, 5*y = -3*q + 1764. What is the units digit of y?
1
Let o = -78 - -82. Suppose -3*p - 4*v = -16, p + v - 3*v - 12 = 0. Suppose -o*z + 16 = -p. What is the units digit of z?
6
What is the units digit of (116/(-6) + 2)*-18?
2
Let o = 16 - 14. Let i(b) = -2*b - o*b - b**2 + 6*b - b + 16*b**3. What is the units digit of i(1)?
6
Suppose 0 = -14*z - 17*z + 21235. What is the tens digit of z?
8
Let o(g) = 2*g - 1. Let v be o(3). Suppose 0 = v*s - l - 377, 2*s + 3*s = -l + 383. Suppose -4*f = -0*f - s. What is the tens digit of f?
1
Suppose -2*q - 3*m + 739 + 3558 = 0, 5*m - 10750 = -5*q. What is the tens digit of q?
5
Let p be 2/(-7) - 60/(-14). Let l be (4 + 1)/(3/3). Suppose -p*r + l = 1. What is the units digit of r?
1
Let v = -2044 - -3834. What is the hundreds digit of v?
7
Let k(r) = -r**3 - 2*r**2 + 2*r + 1. Let h be k(-3). Suppose 0 = h*s - 4 - 52. Let f = 1 + s. What is the tens digit of f?
1
Let a(l) = 3*l + 4*l**2 + l**2 + 164 - 162 - 3*l**2. Suppose 0 = -5*m - 20. What is the tens digit of a(m)?
2
Let y = 5 + -3. Suppose 9 - 1 = f - d, -4*f + y*d + 24 = 0. Suppose 0 = -f*a + 35 + 113. What is the units digit of a?
7
Let z be 5/20 - 443/(-4). Suppose 3*n - z - 27 = 0. What is the units digit of n?
6
Suppose 17*w + 7*w = 23856. What is the units digit of w?
4
Let z(p) = p**3 - 11*p**2 + 2*p - 23. Let j be z(11). Let h(v) = -v**3 - 5*v**2 - 10*v - 6. Let i be h(-6). What is the units digit of i/5 + (j - 0)?
7
Let q = 702 + -413. What is the units digit of q?
9
Let c be ((-27)/4)/(13/104). What is the units digit of 4/(-3)*c/36?
2
Let m(w) = -w + 12. Let b be m(10). What is the units digit of b - ((-2)/3)/((-2)/(-141))?
9
Let b(k) = -7*k - 18. Let h be b(7). Let d = 43 - h. What is the units digit of d?
0
Supp